hat is the highest common factor of 4 and r?
4
Let i = 62 - 50. Calculate the highest common factor of 21 and i.
3
Let b = -6 + 7. Suppose 2*p = 3 - b. What is the highest common divisor of p and 8?
1
Let i(a) = a + 13. Let z be i(-10). Let u(m) = 29*m - 7. Let x be u(z). What is the greatest common factor of x and 32?
16
Let w = -27 - -44. Let p = 380 + -244. What is the greatest common factor of w and p?
17
Suppose -24 = -h - 0*h. Let s = 6 + 54. Suppose 0*v - s = -v. Calculate the greatest common divisor of h and v.
12
Suppose -2*h - 3*h = l, 0 = l + h - 8. Suppose -l = -2*j + j. Calculate the greatest common divisor of j and 50.
10
Suppose -4*x + 2*x + 26 = 0. Suppose 5*t - x = -3. Suppose -24 = -t*o + 26. What is the greatest common divisor of o and 5?
5
Let m be 5/10 + 209/2. Suppose 2*l = -3*k + m + 17, -4*k + 158 = 5*l. Calculate the greatest common factor of 21 and k.
21
Let h = -9 - -9. Let y(v) = v**3 + v**2 - v - 6. Let s be y(h). Let a be (s/(-9))/(1/39). Calculate the highest common divisor of a and 13.
13
Suppose -p = -5*u - 231, -2*p - 3*u = -2*u - 506. Suppose 5*o + h - p = 0, -4*o + 0*h + 200 = h. Calculate the greatest common factor of o and 34.
17
Let q be (-6)/(9/6 - 0). Let t be 52/14 + q/(-14). Suppose 0 = -t*i + 84 + 44. What is the greatest common factor of 4 and i?
4
Suppose 3*x = -3*f + 12 + 24, -2*x = 3*f - 39. Calculate the highest common factor of f and 135.
15
Suppose -3*z + 135 = 3. Let b(y) = -2*y - 3. Let s be b(-7). What is the highest common divisor of z and s?
11
Suppose -6*h = 2*f - 10*h - 84, 3*f + 3*h = 135. Suppose -17 = -q + 5. Calculate the highest common divisor of f and q.
22
Let l(d) = -16*d**3 + d**2 - 1. Let y be l(-1). Let c be (-140)/y + (-1)/4. Let p = -2 - c. Calculate the highest common divisor of p and 63.
7
Suppose -28 = i - 3*i. Let p be 140/((6/9)/1). Let a be (4/5)/(12/p). What is the greatest common factor of i and a?
14
Let i(h) = -2*h - 10. Let j be i(-8). Calculate the greatest common divisor of j and 2.
2
Let z(m) = 57*m**2 + 2*m - 1. Let b be z(1). Let p = b - 34. Calculate the greatest common factor of p and 3.
3
Let s = -8 + 17. What is the greatest common divisor of s and 81?
9
Suppose 42 + 508 = -5*u. Let v be (-18)/(-5)*u/(-4). Calculate the highest common factor of 11 and v.
11
Let j(o) = o**2 - 3*o - 5. Let c be j(5). Let t be (-2 + c/2)*98. Suppose 5*q = 4*d + 15, -q + 0*q - d = -12. Calculate the highest common divisor of t and q.
7
Suppose 2*g + 4*p - 36 = 0, 8 = -3*g - 2*p + 54. Calculate the highest common factor of g and 2.
2
Let p(f) = f - 23. Let s be p(0). Let a = 39 + s. What is the highest common divisor of 4 and a?
4
Let q be 12/66 + (-4)/44*-1450. Calculate the greatest common factor of 12 and q.
12
Let v be 267/6 + 1/(-2). Let h = v - 28. Suppose -4*z + 3*z + 40 = 0. Calculate the greatest common factor of h and z.
8
Suppose -3*r = -4*m + 239, 5*r - 67 = -2*m + 20. Let l = m + -19. Calculate the highest common divisor of l and 148.
37
Suppose -5*m + 75 = s, 3*m - 5*m = -4*s + 256. What is the highest common divisor of s and 52?
13
Let l(o) = 11*o**2 - 2*o + 3. Let c be l(1). Calculate the highest common factor of 6 and c.
6
Suppose h = 2*h - 85. Suppose 3*s = -19 + h. Suppose 0 = w - 1 - 1. What is the highest common divisor of s and w?
2
Suppose 20*l = 13*l + 3094. What is the greatest common divisor of l and 34?
34
Let k(n) = -n**2 - 3*n + 5. Let d be k(-5). Let o = d + 8. Calculate the highest common divisor of 3 and o.
3
Suppose -2*d + w + 44 = -4*w, d + 3*w = 0. Let b = d - 17. Let a = 5 - b. Calculate the highest common divisor of a and 80.
10
Let t(l) = 19*l**2 + l. Let h be t(-1). Suppose -58 = -b - 31. What is the highest common factor of b and h?
9
Let f = 80 + -40. Calculate the greatest common divisor of 8 and f.
8
Let c(w) = -w + 8. Let g be c(5). Suppose -g*x = -2 + 5. Let k(i) = -i**3 + i**2 + 2*i + 1. Let q be k(x). What is the highest common factor of 9 and q?
1
Let v = -293 - -413. Calculate the highest common divisor of 30 and v.
30
Let f be 20/2 + -10 + 12. Suppose 3*r + 2*r - 29 = 2*w, -2*r = 5*w. Suppose 104 = -r*m + 644. Calculate the greatest common factor of m and f.
12
Suppose 17*t = 5*t + 72. Suppose 0 = 6*p - 11*p + 270. What is the greatest common divisor of t and p?
6
Suppose 0 = -5*p - 2*a - a + 13, -5*a - 1 = -3*p. Suppose -p*l - 96 = -5*l. Let n be (7 - -1)*6/1. What is the greatest common divisor of l and n?
16
Suppose 3*r + 1 = -11. Suppose -4*l - 8*a + 33 = -3*a, -l = -5*a + 23. Let h be 43 - l/r*2. What is the greatest common divisor of h and 11?
11
Let s(p) = 0 - 7*p**2 + p**2 + 56*p**3 + 7*p**2 - 1. Let z be s(1). Calculate the highest common factor of 8 and z.
8
Let p be (-6)/(-9) - (-204)/18. Let m(c) = c**3 + c**2 + 5*c - 3. Let k be m(3). Calculate the greatest common divisor of p and k.
12
Suppose 7*j - 64 = -j. Let i be (-20)/(-2)*12/15. Calculate the highest common factor of i and j.
8
Let h(s) = s + 22. Let z be h(-7). Calculate the highest common factor of 75 and z.
15
Let x = -57 - -38. Let v = -9 - x. Calculate the greatest common factor of v and 30.
10
Suppose -5*t + 64 = 9. Let j(k) = k**2 + 4*k - 6. Let y be j(-6). Suppose q = -2*r + y*q + 66, 0 = -4*q. Calculate the highest common divisor of t and r.
11
Let a(k) = -k**3 + 9*k**2 - 4*k - 7. Let d be a(8). Let g = -3 - -13. What is the highest common factor of g and d?
5
Let j be (-218)/(-6) + (-2)/6. Suppose -104 - 76 = -2*t. Calculate the greatest common factor of j and t.
18
Let g be (-15)/(1 - (-6)/(-4)). Let q = 67 - 57. What is the greatest common factor of q and g?
10
Let c = -4 - -7. Suppose -3*f + 95 = 2*f. Let o be (-4 + f)*2/c. What is the greatest common divisor of o and 70?
10
Suppose 5*m = -3*u - 59, 5*m = 2 - 7. Let g be (-2)/9 + (-292)/u. Calculate the highest common divisor of 2 and g.
2
Suppose 2*z - 3*c = -c + 10, -3*c + 48 = 4*z. Calculate the highest common factor of 45 and z.
9
Let v be 324/(-15) - (-4)/(-10). Let y = 31 + v. Calculate the highest common factor of y and 36.
9
Suppose 4*n - 15 = x + 4, n - 2*x - 3 = 0. Suppose -n*z + 4*t + 359 = 0, 0 = 4*z - 0*t + 2*t - 308. What is the highest common divisor of 25 and z?
25
Let j = 32 + 31. What is the greatest common factor of j and 9?
9
Suppose -f + 5*f = 0. Suppose f = 4*h + m - 8 - 56, 48 = 3*h + 3*m. Calculate the greatest common divisor of h and 112.
16
Suppose -b - m = 2, -3*b - m - 4 = m. Suppose -2*q + b*q + 240 = 0. What is the highest common factor of q and 15?
15
Let p be 1530/20 - 3/2. What is the highest common factor of 30 and p?
15
Suppose 460 = -h + 6*h. Let p(o) = -o**3 + 3*o**2. Let q be p(3). Suppose q = -0*k - 2*k + h. What is the greatest common divisor of 115 and k?
23
Suppose 3*s = -5*z + 98, -3*s + 4*z + 112 = 2*z. Suppose 4*t - 13*t + 810 = 0. Calculate the greatest common divisor of t and s.
18
Let p be 3*1*(-4)/(-4). Suppose -80 = p*y - 227. Suppose 0 = -4*x - 2*h + 32, -5*x + 2*h + y = -0*h. Calculate the highest common divisor of 36 and x.
9
Suppose p - 5 = 55. What is the greatest common divisor of p and 12?
12
Suppose 0 = b + 5. Let n(x) = 4*x**2 + x - 7. Let r be n(b). What is the greatest common divisor of r and 8?
8
Suppose -3*g = -2*v - 52, -2*g = g + 4*v - 40. Suppose 72 = 2*r + r. What is the highest common factor of g and r?
8
Suppose 2*w - 2*o - 14 = -6*o, -3*o = -w + 17. Suppose 6*b - 186 = -54. Calculate the highest common factor of b and w.
11
Let j(w) = w**3 - 5*w**2 + 7*w - 4. Let n be j(4). Suppose n*r = 3*r + 35. Suppose -r*t = -2*t - 65. What is the highest common divisor of t and 13?
13
Let g = 109 - 32. What is the greatest common divisor of 22 and g?
11
Let a = 22 - 5. Calculate the greatest common divisor of 85 and a.
17
Let z = -25 + 38. Suppose -2*i + 4*i = 26. What is the highest common divisor of i and z?
13
Suppose 3*x + 2*d = -10, 0 = 2*x + 2*d - 0*d + 10. Let p be 4*(x - (1 - 3)). Suppose -14 - 114 = -4*n. Calculate the greatest common factor of p and n.
8
Suppose -2*n - 3*n - 73 = -2*u, -3*u - 4*n = -52. What is the greatest common factor of u and 12?
12
Suppose 2*h = 5 + 17. What is the greatest common factor of 77 and h?
11
Suppose n - 3*n + 18 = 0. Let d be (5/(-15))/((-1)/n). Suppose 5*u - d - 2 = 0. What is the greates